0 = -z + 6*n - 4, -63*z + 67*z - n = -16. Let o(a) = a**2 + 44*a + 157. Determine o(z).
-3
Let b(p) = -32*p - 1546. Let m(w) = -101*w - 4638. Let y(r) = -7*b(r) + 2*m(r). Calculate y(-70).
6
Suppose -4*l + 3*n - 37 = 0, 4*l - 4 = 5*n - 39. Let g(d) be the second derivative of -d**3/6 - 10*d**2 + 2655*d. Give g(l).
-10
Let g(q) be the second derivative of 3/4*q**4 + 2*q**3 - q - 37 + 1/20*q**5 + 5/2*q**2. Calculate g(-8).
-27
Let x(r) = r**3 - 23*r**2 + 10*r + 5. Let g(l) = 4*l**3 - 94*l**2 + 44*l + 20. Let c(p) = 2*g(p) - 9*x(p). What is c(19)?
-43
Let p(l) be the first derivative of 4 - 6*l - 1/4*l**4 + 2*l**3 + 2*l**2. Suppose 170*v - 753 - 214 = 53. What is p(v)?
18
Let l(i) be the first derivative of i**3/3 - i**2 - 8*i + 2. Suppose 26*z = -4*z. Let r be l(z). Let b(u) = -2*u - 9. Calculate b(r).
7
Let q(a) be the first derivative of 5*a**2/2 - 47*a - 410. Determine q(12).
13
Let g = 56 - 61. Let y(z) = -z**2 + 25. Let k be y(g). Let u(l) = -l + 10. Determine u(k).
10
Let q(p) = -1872*p + 1879*p - 6 + 8. Let b be (-8)/(-28) - 32/14. Calculate q(b).
-12
Let q = 26 - 24. Suppose -7 + q = 5*p + 5*x, -2*p - 7 = 3*x. Suppose 2*f = 3*c + 14 + 8, f - 21 = p*c. Let n(a) = a**3 + 4*a**2 + 3*a + 6. Give n(c).
-6
Let j = -72 + 73. Suppose 3*n = 4 - j, 0 = 4*t - n + 97. Let c = t + 22. Let z(x) = 2*x**3 + 3*x + 1. Calculate z(c).
-21
Let m(d) = -5139*d + 14 - 72 + 5134*d. Calculate m(0).
-58
Let x(g) = 25 + 15*g + 5*g - 41 + 3 + 22 - g**2. Calculate x(7).
100
Suppose -19*c + 10 = 5*t - 16*c, -t + 2 = 5*c. Suppose -3*b + 6 + 18 = 0. Let k(l) = b*l - 7*l + 75*l**2 - 69*l**t. Determine k(-1).
5
Let b = 16 - 22. Let r(t) be the second derivative of 3*t**2 - 2/3*t**3 - 7/12*t**4 + 53*t + 0 - 1/20*t**5. Determine r(b).
-6
Let g(w) = -5*w**3 - 143*w**2 - 36*w - 1130. Let x(r) = r**3 + 29*r**2 + 7*r + 226. Let t(j) = 3*g(j) + 14*x(j). Give t(-23).
4
Let y(l) be the first derivative of 0*l + 1/4*l**4 + 9/2*l**2 + 71 + 8/3*l**3. Give y(-6).
18
Suppose 3*v = 16 - 10. Let c(t) be the third derivative of t**6/120 - t**5/30 - t**3/3 - 94*t**2 - 5. Determine c(v).
-2
Suppose 561 = 34*a + 221. Let y(s) = -s**2 + 18*s - 98. What is y(a)?
-18
Let h(r) = -25*r - 1. Let u(d) = 6*d + 16. Let o be u(-3). Let g be (-24 + 25)*o/((-4)/6). Let b be g*(14/6 + -2). Give h(b).
-26
Let j(b) = b**3 + 2*b**2 - 3*b + 5. Let t(u) = u**2 + 17*u + 27. Let l be t(-15). Let y(c) = -4*c - 16. Let i be y(l). What is j(i)?
-15
Suppose -2*s + 2*n = 10, s - 28*n + 8 = -26*n. Let u(y) = 45*y. Give u(s).
-90
Let q(z) be the second derivative of z**5/20 - z**4/2 + 7*z**2/2 - 6860*z. Calculate q(6).
7
Let o(w) = -4*w + 4 - 6 + 5*w - 1. Let l be o(6). Let i(n) = 0*n + 17*n**3 + 0*n + n + 2 - l. What is i(1)?
17
Let n = 406 + -359. Suppose n*t + 282 = -0*t. Let o(r) = 2*r**2 + 9*r + 9. What is o(t)?
27
Let p(s) = -4*s + 15. Suppose 209*j = 219*j + 70. Calculate p(j).
43
Let z(b) = -b**3 + 6*b - 3. Let c be z(2). Suppose 2*d = 78 + 142. Let s(m) = -8 + 112*m - d*m - c. Determine s(7).
5
Let o(b) = 5*b**2 + 15*b + 17*b**2 - 15*b**2 - 8 - 11*b - 2*b**3. What is o(4)?
-8
Suppose 3*v - 7*v + 1337 = 3*q, 2*v - 667 = -3*q. Let s(l) = -2 + 342*l**2 - l**3 - v*l**2 - 8*l + l + 0. Let g = 2 + 4. Determine s(g).
-8
Let m(t) = -t**2 + 6*t - 2. Let y = -84 - -114. Suppose 8*q - 3*q = y. Determine m(q).
-2
Suppose -3*u + 108*z = 103*z + 9, -23 = u + 5*z. Let q(p) = -p**3 - 9*p**2 - 4*p - 2. Give q(u).
-34
Let x = 79 + -74. Let l(k) = -x*k + 6 - 4 + 6*k. Let n be (-18)/12*(1 + 1). Determine l(n).
-1
Suppose 4*l + 23 = -229. Let b = l + 114. Suppose -b = -5*p - 11. Let s(y) = y**3 - 7*y**2 - 8*y + 2. Give s(p).
2
Let c = 105 + -111. Let f(z) = -3*z - 24. Let r be f(-9). Let u(s) = -72*s**r - 1 + 38*s**3 + 35*s**3 + 3*s - s**2 + 7*s**2. Calculate u(c).
-19
Suppose 194 = 8*n - 22. Suppose -25*q + n = -23. Let u(j) = 2*j + 3. What is u(q)?
7
Let j(v) = -11*v**3 - 9*v**2 - 5*v - 16. Let x(t) = -5*t**3 - 5*t**2 - 3*t - 8. Let h(d) = -4*j(d) + 9*x(d). Calculate h(-8).
-16
Suppose -4464 + 96 = -14*k. Let i = k + -313. Let y(q) = 11*q**2 - 1. Give y(i).
10
Let q(f) be the third derivative of f**8/960 - f**7/1260 + f**5/120 + 269*f**4/24 + 131*f**2 - 2*f. Let l(c) be the second derivative of q(c). Determine l(-1).
-8
Let t(r) = 14*r**2 + 69*r - 11. Suppose 37*o + 38*o + 14*o + 445 = 0. What is t(o)?
-6
Let j(z) = z**3 - 12*z**2 - 11*z + 32. Let a = -9525 - -9538. Determine j(a).
58
Let c(g) be the first derivative of -g**4/4 + 2*g**3 - 3*g**2/2 + 5*g - 76. Give c(6).
-13
Let c(q) = -q + 34. Let h(j) = -2*j + 100. Let r(l) = 11*c(l) - 4*h(l). Let t = -31 - -25. Let p(o) = o + 9. Let v(u) = t*r(u) - 17*p(u). Calculate v(-4).
-1
Let h(f) = -2*f + 7*f + 3*f**2 - 1 + f**3 - 2*f - 6*f**2. Suppose -15 = -43*c + 38*c. What is h(c)?
8
Let k be (-2)/7 - (35 + (-4238)/182). Let p(v) = v**3 + 14*v**2 + 22*v - 18. Determine p(k).
6
Let m(v) = -v**2 - 11*v - 24. Suppose 2*x - 4*y - 42 = -80, 0 = 2*x + y + 18. Determine m(x).
-24
Let h(z) = -19*z + 125. Let g(o) = -32*o + 234. Let f(r) = 6*g(r) - 11*h(r). What is f(-9)?
-124
Let r be 1 - ((-1 - 6) + 4). Let y(d) = 5 - r*d - d**2 - 13 + 9*d + 8. Give y(5).
0
Let s be (-21)/6 - (-473)/(-86). Let m(r) = -r**2 - 14*r - 3. Give m(s).
42
Let z(d) = -6 - d**2 - d**3 + 2 - 3*d**2. Suppose -52*o - 572 + 416 = 0. What is z(o)?
-13
Let p(n) = 33*n**2 - 3*n - 2. Let q(g) = 37*g**2 - 5*g - 2. Let v(l) = 9*p(l) - 8*q(l). Determine v(-14).
12
Let s(i) = i**2 - 4*i - 5. Let v(p) = -7*p**2 + 46*p + 115. Let u(q) = -3*q**2 + 22*q + 57. Let w(d) = 9*u(d) - 4*v(d). Let y be w(-6). Calculate s(y).
0
Let d(w) = -3*w + 53. Let k be d(18). Let a(m) = -76*m - 3. Give a(k).
73
Let n(f) be the second derivative of f**3/6 - 4*f**2 + 2*f. Let v(g) = -g - 2. Let s be v(-4). Suppose s*j - 2*q - 12 = 0, -3*j - 4*q = -0*q - 11. Give n(j).
-3
Let l(v) = -4*v**3 - 7*v**3 - 10*v - 9*v**3 - 5*v**3 + 12*v**2 - 18 + 24*v**3. What is l(11)?
-7
Let n be (239 + 29)/(3/6). Let k = 538 - n. Let i(p) = -5*p + 3. Give i(k).
-7
Let y(l) be the third derivative of l**6/240 - l**5/20 - 263*l**4/24 - 205*l**2. Let o(j) be the second derivative of y(j). Determine o(-3).
-15
Let b be 9*210/405*(-12)/(-28). Let q(w) = 7*w**3 - w**2 - 7*w + 9. Give q(b).
47
Let g(b) = b**2 - 5*b - 13. Suppose -41*f + 47*f = 60. Let k be (-7)/(2*f/(-4) - -4). Calculate g(k).
1
Let n(p) be the first derivative of -p**4/4 - 13*p**3/3 - 9*p**2 - 28*p - 968. What is n(-12)?
44
Suppose 4*p - 4*z = 4, -5*p + 4*z + 10 + 0 = 0. Let b be (-1)/(-2)*(2 + -2). Let l(r) = -p*r + b*r - 4*r. Give l(1).
-10
Let z(x) = 2*x + 1. Let u be 4*6/(9/3). Let m be z(u). Let d = -24 + m. Let g(r) = -2*r - 10. What is g(d)?
4
Let s(r) = -5*r - 8. Suppose 5*c = 3*q + 19, 129*c - 3*q = 130*c + 25. Calculate s(c).
-3
Let k(n) = -12*n**2 + 9*n + 27. Let r(z) = -9*z**2 + 9*z + 24. Let x(h) = -4*k(h) + 5*r(h). Calculate x(-7).
96
Let c(b) = -b**2 - 81*b - 656. Let m be c(-72). Let k(y) = y**2 + 7*y - 14. Determine k(m).
-6
Let j(u) = -6963*u + 13881*u + 777 - 11 - 6951*u. What is j(23)?
7
Let y(d) = 71*d + 81*d - 228*d + 8 + 79*d. What is y(4)?
20
Let w(h) = 101831 - 50898 - 50896 + 2*h. What is w(-18)?
1
Suppose -58*s = -3*n - 59*s - 17, 1 = 5*n - 2*s. Let d(q) = -14*q. What is d(n)?
42
Let l(a) = 5*a + 1. Let j(r) = -14*r - 4. Let o(t) = 3*j(t) + 8*l(t). Let b be ((-7)/(-3) + -2)*0. Suppose b = -5*g - 46 + 6. What is o(g)?
12
Let m(b) be the first derivative of -b**4/4 + 18*b**3 + 4*b - 7325. Calculate m(54).
4
Let s(q) = 107*q + 0*q**3 - q**3 + 464*q**2 - 428*q**2 - 32*q + 54 + 15. Calculate s(38).
31
Let c be (-3)/(-8) + (-344)/64. Let f(k) = 5*k + 978*k**2 + 2 - 977*k**2 - 2*k. Give f(c).
12
Let j(t) = t**2 - 3*t - 3. Let u be (-1 + 12/6)/(1 + 0). Suppose -3*y - i = -7, 0 = -i - u - 1. Give j(y).
-3
Let k(r) = r**3 - 4*r**2 + 3*r + 2. Suppose 942 = z + z - 4*f, 3*z + 3*f = 1440. Let s = -474 + z. Give k(s).
2
Let q(b) = -b + 1. Let a(y) = -25*y - 30. Let x(m) = -12*m - 14. Let t(g) = 6*a(g) - 13*x(g). Let z(w) = q(w) + t(w). Let c be (-10)/(-15) - (-7)/3. Give z(c).
18
Let h = -4 + -5. Let y(q) = -4*q**3 - 20*q**2 + 21*q + 29. Let n(b) = b**3 + 5*b**2 - 5*b - 7. Let c(f) = h*n(f) - 2*y(f). Suppose 2*v = -16 + 6. What is c(v)?
-10
Let l(j) be the first derivative of -13*j**2/2 - 5*j